
What is the highest common divisor of 2790 and 403?
31
Calculate the highest common divisor of 476 and 28.
28
Calculate the greatest common divisor of 66 and 495.
33
Calculate the greatest common divisor of 60 and 9140.
20
What is the greatest common divisor of 15120 and 18?
18
What is the highest common divisor of 399 and 7?
7
Calculate the greatest common divisor of 42 and 438.
6
What is the highest common divisor of 195 and 6357?
39
What is the highest common factor of 52 and 148?
4
Calculate the greatest common factor of 7314 and 138.
138
What is the greatest common factor of 1 and 41?
1
What is the highest common divisor of 4321 and 596?
149
Calculate the highest common factor of 72 and 24.
24
Calculate the greatest common divisor of 5060 and 40.
20
Calculate the highest common divisor of 16665 and 101.
101
Calculate the highest common factor of 3999 and 258.
129
Calculate the highest common factor of 946 and 22.
22
Calculate the highest common factor of 13 and 299.
13
What is the greatest common factor of 30 and 2670?
30
What is the greatest common divisor of 462 and 53823?
231
Calculate the greatest common divisor of 1443 and 78.
39
What is the highest common divisor of 1055 and 2743?
211
Calculate the greatest common factor of 2379 and 65.
13
What is the greatest common divisor of 805 and 14?
7
What is the highest common factor of 117 and 207?
9
Calculate the greatest common factor of 32 and 16.
16
What is the greatest common divisor of 2541 and 9933?
231
Calculate the greatest common factor of 3 and 2298.
3
What is the highest common factor of 65 and 6175?
65
What is the greatest common divisor of 284 and 355?
71
Calculate the greatest common divisor of 36 and 204.
12
What is the greatest common factor of 6589 and 121?
11
Calculate the greatest common factor of 118 and 13334.
118
Calculate the highest common factor of 88 and 407.
11
Calculate the highest common divisor of 212 and 4.
4
What is the highest common factor of 9 and 171?
9
What is the greatest common factor of 3 and 5079?
3
What is the greatest common factor of 19 and 31?
1
Calculate the highest common factor of 114 and 304.
38
What is the highest common factor of 18 and 4380?
6
What is the highest common factor of 35 and 115?
5
Calculate the greatest common divisor of 154 and 88.
22
Calculate the greatest common factor of 75 and 150.
75
What is the highest common divisor of 28565 and 290?
145
Calculate the highest common factor of 45072 and 18.
18
Calculate the highest common divisor of 3288 and 4.
4
What is the highest common divisor of 4233 and 249?
249
What is the greatest common divisor of 16298 and 843?
281
Calculate the highest common divisor of 1308 and 12.
12
What is the highest common factor of 72 and 24?
24
Calculate the greatest common divisor of 14577 and 258.
129
What is the highest common factor of 39 and 6?
3
What is the greatest common factor of 22 and 110?
22
What is the greatest common factor of 729 and 351?
27
Calculate the greatest common factor of 1620 and 81.
81
What is the highest common factor of 3596 and 744?
124
Calculate the greatest common factor of 375 and 15.
15
What is the highest common factor of 14 and 896?
14
What is the greatest common factor of 715 and 5291?
143
What is the greatest common divisor of 95 and 171?
19
What is the greatest common factor of 2262 and 702?
78
Calculate the greatest common divisor of 10 and 26.
2
Calculate the greatest common divisor of 8525 and 25.
25
Calculate the highest common factor of 18231 and 177.
177
Calculate the greatest common factor of 10668 and 126.
42
Calculate the highest common factor of 1080 and 15336.
216
Calculate the highest common divisor of 9 and 396.
9
Calculate the greatest common factor of 1883 and 70.
7
What is the greatest common factor of 1246 and 1068?
178
Calculate the greatest common factor of 2945 and 190.
95
Calculate the highest common factor of 31932 and 36.
36
What is the highest common divisor of 80 and 590?
10
What is the greatest common factor of 289 and 2278?
17
Calculate the highest common factor of 72 and 1764.
36
What is the highest common factor of 60 and 540?
60
What is the highest common factor of 50 and 175?
25
Calculate the highest common factor of 7 and 1.
1
What is the greatest common divisor of 4256 and 38?
38
What is the greatest common divisor of 140 and 28924?
28
What is the highest common factor of 231 and 198?
33
What is the highest common divisor of 325 and 182?
13
Calculate the greatest common divisor of 281 and 48613.
281
What is the greatest common divisor of 26 and 58162?
26
Calculate the greatest common factor of 4708 and 220.
44
What is the highest common divisor of 531 and 27?
9
What is the greatest common divisor of 628 and 20?
4
Calculate the greatest common divisor of 80 and 9560.
40
What is the greatest common factor of 1536 and 120?
24
Calculate the greatest common divisor of 576 and 108.
36
Calculate the greatest common factor of 1426 and 62.
62
What is the highest common divisor of 198 and 594?
198
Calculate the highest common factor of 636 and 12.
12
What is the greatest common divisor of 616 and 770?
154
What is the highest common factor of 168 and 1032?
24
Calculate the highest common divisor of 752 and 423.
47
Calculate the greatest common factor of 36 and 1422.
18
What is the highest common divisor of 17 and 17?
17
Calculate the greatest common factor of 6 and 22.
2
What is the highest common factor of 357 and 187?
17
Calculate the greatest common divisor of 16 and 13376.
16
Calculate the greatest common factor of 49 and 1631.
7
Calculate the highest common factor of 30 and 138.
6
What is the greatest common factor of 323 and 799?
17
What is the greatest common divisor of 4768 and 12?
4
Calculate the greatest common divisor of 564 and 12.
12
What is the highest common factor of 105 and 42?
21
What is the highest common divisor of 3190 and 58?
58
Calculate the greatest common divisor of 9263 and 157.
157
Calculate the highest common factor of 88 and 132.
44
Calculate the greatest common factor of 8 and 2.
2
Calculate the greatest common factor of 470 and 188.
94
What is the greatest common factor of 375 and 12?
3
Calculate the highest common factor of 7 and 1897.
7
Calculate the highest common factor of 4579 and 19.
19
Calculate the greatest common factor of 1032 and 2784.
24
What is the greatest common factor of 1027 and 158?
79
Calculate the greatest common factor of 483 and 1.
1
Calculate the greatest common factor of 115 and 2645.
115
What is the highest common divisor of 969 and 38?
19
Calculate the highest common divisor of 243 and 21.
3
What is the highest common factor of 378 and 1269?
27
What is the highest common factor of 22 and 3443?
11
What is the highest common divisor of 400 and 40?
40
What is the greatest common factor of 17083 and 22?
11
Calculate the highest common divisor of 315 and 450.
45
What is the greatest common factor of 143 and 1?
1
What is the greatest common factor of 1012 and 110?
22
What is the highest common factor of 130 and 70?
10
Calculate the greatest common divisor of 675 and 27.
27
What is the highest common factor of 203 and 56?
7
Calculate the highest common divisor of 105 and 120.
15
Calculate the greatest common factor of 272 and 323.
17
What is the highest common divisor of 11711 and 239?
239
Calculate the greatest common divisor of 4524 and 78.
78
Calculate the greatest common divisor of 291 and 6.
3
Calculate the greatest common divisor of 3822 and 26.
26
Calculate the highest common divisor of 728 and 104.
104
What is the highest common factor of 180 and 120?
60
Calculate the highest common divisor of 5191 and 29.
29
What is the greatest common factor of 21 and 91?
7
What is the greatest common factor of 5220 and 24?
12
Calculate the greatest common factor of 90 and 200.
10
What is the greatest common factor of 23 and 75233?
23
What is the highest common factor of 1477 and 7?
7
What is the highest common divisor of 183 and 12?
3
Calculate the greatest common factor of 405 and 3807.
81
What is the highest common factor of 4536 and 180?
36
What is the highest common factor of 3842 and 34?
34
What is the highest common divisor of 12 and 58?
2
What is the highest common factor of 3510 and 9